{"id":403,"date":"2012-09-12T15:40:28","date_gmt":"2012-09-12T18:40:28","guid":{"rendered":"http:\/\/institutopeabiru.wordpress.com\/?page_id=403"},"modified":"2024-08-19T16:09:03","modified_gmt":"2024-08-19T19:09:03","slug":"publicacoes","status":"publish","type":"page","link":"https:\/\/peabiru.org.br\/en\/publicacoes\/","title":{"rendered":"Publica\u00e7\u00f5es"},"content":{"rendered":"<figure class=\"wp-block-image size-large\"><img loading=\"lazy\" decoding=\"async\" width=\"1024\" height=\"774\" src=\"https:\/\/peabiru.org.br\/wp-content\/uploads\/2022\/08\/22072012\u00a9Rafael-Araujo-Curuca-Peabiru-01375-1024x774.jpg\" alt=\"\" class=\"wp-image-12835\" srcset=\"https:\/\/peabiru.org.br\/wp-content\/uploads\/2022\/08\/22072012\u00a9Rafael-Araujo-Curuca-Peabiru-01375-1024x774.jpg 1024w, https:\/\/peabiru.org.br\/wp-content\/uploads\/2022\/08\/22072012\u00a9Rafael-Araujo-Curuca-Peabiru-01375-300x227.jpg 300w, https:\/\/peabiru.org.br\/wp-content\/uploads\/2022\/08\/22072012\u00a9Rafael-Araujo-Curuca-Peabiru-01375-768x580.jpg 768w, https:\/\/peabiru.org.br\/wp-content\/uploads\/2022\/08\/22072012\u00a9Rafael-Araujo-Curuca-Peabiru-01375-16x12.jpg 16w, https:\/\/peabiru.org.br\/wp-content\/uploads\/2022\/08\/22072012\u00a9Rafael-Araujo-Curuca-Peabiru-01375.jpg 1085w\" sizes=\"auto, (max-width: 1024px) 100vw, 1024px\" \/><figcaption class=\"wp-element-caption\">Projeto Casa da Virada. Foto: Rafael Ara\u00fajo, 2012.<\/figcaption><\/figure>\n\n\n\n<div style=\"height:100px\" aria-hidden=\"true\" class=\"wp-block-spacer\"><\/div>\n\n\n\n<h2 class=\"wp-block-heading\">Especial Peabiru 25 anos<\/h2>\n\n\n\n<div class=\"wp-block-media-text alignwide is-stacked-on-mobile has-background\" style=\"background-color:#172852;grid-template-columns:45% auto\"><figure class=\"wp-block-media-text__media\"><img loading=\"lazy\" decoding=\"async\" width=\"679\" height=\"1024\" src=\"https:\/\/www.peabiru.org.br\/wp-content\/uploads\/2023\/06\/Caminhos-do-Amanha-Capa-1-679x1024.jpg\" alt=\"\" class=\"wp-image-14169 size-full\" srcset=\"https:\/\/peabiru.org.br\/wp-content\/uploads\/2023\/06\/Caminhos-do-Amanha-Capa-1-679x1024.jpg 679w, https:\/\/peabiru.org.br\/wp-content\/uploads\/2023\/06\/Caminhos-do-Amanha-Capa-1-199x300.jpg 199w, https:\/\/peabiru.org.br\/wp-content\/uploads\/2023\/06\/Caminhos-do-Amanha-Capa-1-8x12.jpg 8w, https:\/\/peabiru.org.br\/wp-content\/uploads\/2023\/06\/Caminhos-do-Amanha-Capa-1.jpg 716w\" sizes=\"auto, (max-width: 679px) 100vw, 679px\" \/><\/figure><div class=\"wp-block-media-text__content\">\n<p class=\"has-white-color has-text-color has-small-font-size\">Em 2023, o Instituto Peabiru completa 25 anos de atua\u00e7\u00e3o, com uma longa lista de projetos sociais e ambientais realizados na Amaz\u00f4nia. O reconhecimento dos desafios e a articula\u00e7\u00e3o com os atores nos territ\u00f3rios s\u00e3o tarefas sempre atualizadas e pautadas por metodologias participativas. Por isso, o momento de celebra\u00e7\u00e3o compreende tamb\u00e9m um espa\u00e7o para reflex\u00e3o sobre os caminhos trilhados e para o planejamento do trabalho da organiza\u00e7\u00e3o nas pr\u00f3ximas d\u00e9cadas. Como parte destas an\u00e1lises, o Peabiru contou com o olhar e a experi\u00eancia do jornalista Dal Marcondes respons\u00e1vel por uma s\u00e9rie de entrevistas capazes de colocar em perspectiva importantes momentos da hist\u00f3ria da organiza\u00e7\u00e3o e guiar a constru\u00e7\u00e3o dos pr\u00f3ximos passos. A publica\u00e7\u00e3o resultante destes di\u00e1logos \u2013 e da pr\u00f3pria an\u00e1lise criteriosa do jornalista \u2013 \u00e9 apresentada ao p\u00fablico como parte das a\u00e7\u00f5es que marcam os 25 anos do Peabiru.<\/p>\n\n\n\n<div class=\"wp-block-buttons is-layout-flex wp-block-buttons-is-layout-flex\">\n<div class=\"wp-block-button has-custom-width wp-block-button__width-100 has-custom-font-size is-style-outline is-style-outline--1\" style=\"font-size:17px\"><a class=\"wp-block-button__link has-white-color has-text-color wp-element-button\" href=\"https:\/\/www.peabiru.org.br\/wp-content\/uploads\/2023\/06\/Caminhos_do_Amanha_Peabiru_2023_web.pdf\" style=\"border-radius:0px\">Acessar<\/a><\/div>\n<\/div>\n<\/div><\/div>\n\n\n\n<div style=\"height:79px\" aria-hidden=\"true\" class=\"wp-block-spacer\"><\/div>\n\n\n\n<h2 class=\"wp-block-heading\">Por Territ\u00f3rios<\/h2>\n\n\n\n<h4 class=\"wp-block-heading\">Costa Amaz\u00f4nica<\/h4>\n\n\n\n<p>Atuamos na regi\u00e3o costeira da Amaz\u00f4nia desde 2006, em tr\u00eas sub-regi\u00f5es: regi\u00e3o do Salgado, especialmente nos munic\u00edpios de Curu\u00e7\u00e1 e Marapanim; regi\u00e3o Bragantina, incluindo os munic\u00edpios de Bragan\u00e7a, Tracuateaua e Augusto Corr\u00eaa, com suas popula\u00e7\u00f5es extrativistas em Reservas Extrativistas Marinhas.<\/p>\n\n\n\n<h4 class=\"wp-block-heading\">Grande Bel\u00e9m<\/h4>\n\n\n\n<p>Desde 2004, realizamos trabalhos na Grande Bel\u00e9m, compreendendo a capital e os munic\u00edpios vizinhos, em agendas urbanas e rurais. Destaque para a\u00e7\u00f5es de acesso a direitos b\u00e1sicos e assist\u00eancia t\u00e9cnica a popula\u00e7\u00f5es ribeirinhas e das ilhas.<\/p>\n\n\n\n<h4 class=\"wp-block-heading\">Maraj\u00f3<\/h4>\n\n\n\n<p>Atua\u00e7\u00e3o desde 2009, a convite de representantes de grupos sociais de comunidades tradicionais da regi\u00e3o. Baixos Indicadores de Desenvolvimento Humano (IDH). Aten\u00e7\u00e3o especial para Curralinho, Soure, Salvaterra, Cachoeira do Arari e Ponta de Pedras, (quilombolas e ribeirinhos). Realiza\u00e7\u00e3o de projetos variados, valorizando a cultura e economia local.<\/p>\n\n\n\n<p><\/p>\n\n\n\n<div class=\"wp-block-buttons is-content-justification-center is-layout-flex wp-container-core-buttons-is-layout-16018d1d wp-block-buttons-is-layout-flex\">\n<div class=\"wp-block-button is-style-outline is-style-outline--2\"><a class=\"wp-block-button__link wp-element-button\" href=\"https:\/\/peabiru.org.br\/en\/publicacoes\/belem-ribeirinha\/\" style=\"border-radius:0px\">Acesse as Publica\u00e7\u00f5es do Instituto Peabiru por territ\u00f3rio<\/a><\/div>\n<\/div>\n\n\n\n<hr class=\"wp-block-separator has-css-opacity\"\/>\n\n\n\n<h2 class=\"wp-block-heading\">Livretos<\/h2>\n\n\n\n<p>Guias, Planejamentos, Manuais e outras produ\u00e7\u00f5es resultantes de trabalhos do Instituto Peabiru e parceiros, como Viv\u00e1 Maraj\u00f3, Casa da Virada e outros.<\/p>\n\n\n\n<div class=\"wp-block-buttons is-content-justification-center is-layout-flex wp-container-core-buttons-is-layout-16018d1d wp-block-buttons-is-layout-flex\">\n<div class=\"wp-block-button is-style-outline is-style-outline--3\"><a class=\"wp-block-button__link wp-element-button\" href=\"https:\/\/peabiru.org.br\/en\/livretos\/\" style=\"border-radius:0px\">Acesse os livretos publicados pelo Instituto Peabiru<\/a><\/div>\n<\/div>\n\n\n\n<hr class=\"wp-block-separator has-css-opacity\"\/>\n\n\n\n<h2 class=\"wp-block-heading\">Especial Terceiro Setor<\/h2>\n\n\n\n<p>Artigos, cadernos e manuais, ensaios e livros publicados pelo Peabiru sobre o setor n\u00e3o governamental.<\/p>\n\n\n\n<div class=\"wp-block-buttons is-content-justification-center is-layout-flex wp-container-core-buttons-is-layout-16018d1d wp-block-buttons-is-layout-flex\">\n<div class=\"wp-block-button is-style-outline is-style-outline--4\"><a class=\"wp-block-button__link wp-element-button\" href=\"https:\/\/peabiru.org.br\/en\/publicacoes\/terceiro-setor\/\" style=\"border-radius:0px\">Acesse as publica\u00e7\u00f5es do Especial Terceiro Setor<\/a><\/div>\n<\/div>\n\n\n\n<hr class=\"wp-block-separator has-css-opacity\"\/>\n\n\n\n<h2 class=\"wp-block-heading\">Relat\u00f3rios Anuais<\/h2>\n\n\n\n<p>Acesse todos os Relat\u00f3rios Anuais de Atividades publicados pelo Instituto Peabiru.<\/p>\n\n\n\n<div class=\"wp-block-buttons is-content-justification-center is-layout-flex wp-container-core-buttons-is-layout-16018d1d wp-block-buttons-is-layout-flex\">\n<div class=\"wp-block-button is-style-outline is-style-outline--5\"><a class=\"wp-block-button__link wp-element-button\" href=\"https:\/\/peabiru.org.br\/en\/publicacoes\/relatorios-anuais\/\" style=\"border-radius:0px\">Acesse os Relat\u00f3rios Anuais<\/a><\/div>\n<\/div>\n\n\n\n<h2 class=\"wp-block-heading\">Outros<\/h2>\n\n\n\n<p>Acesse outros formatos de publica\u00e7\u00e3o do Instituto Peabiru, como dossi\u00eas e cartilhas tem\u00e1ticas.<\/p>\n\n\n<div class=\"wp-block-image is-style-default\">\n<figure class=\"aligncenter size-full is-resized\"><img loading=\"lazy\" decoding=\"async\" width=\"526\" height=\"744\" src=\"https:\/\/peabiru.org.br\/wp-content\/uploads\/2023\/05\/Capa_dossie_Abelhas.jpg\" alt=\"\" class=\"wp-image-14063\" style=\"width:263px;height:372px\" srcset=\"https:\/\/peabiru.org.br\/wp-content\/uploads\/2023\/05\/Capa_dossie_Abelhas.jpg 526w, https:\/\/peabiru.org.br\/wp-content\/uploads\/2023\/05\/Capa_dossie_Abelhas-212x300.jpg 212w, https:\/\/peabiru.org.br\/wp-content\/uploads\/2023\/05\/Capa_dossie_Abelhas-8x12.jpg 8w\" sizes=\"auto, (max-width: 526px) 100vw, 526px\" \/><\/figure>\n<\/div>\n\n\n<div class=\"wp-block-buttons is-content-justification-center is-layout-flex wp-container-core-buttons-is-layout-16018d1d wp-block-buttons-is-layout-flex\">\n<div class=\"wp-block-button is-style-outline is-style-outline--6\"><a class=\"wp-block-button__link has-text-align-center wp-element-button\" href=\"https:\/\/peabiru.org.br\/wp-content\/uploads\/2020\/04\/instituto-peabiru-2020-dossic3aa-cadeia-abelhas-amazc3b4nia-1.pdf\" style=\"border-radius:0px\">Dossi\u00ea Abelhas sem Ferr\u00e3o da Amaz\u00f4nia<\/a><\/div>\n<\/div>","protected":false},"excerpt":{"rendered":"<p>Especial Peabiru 25 anos Por Territ\u00f3rios Costa Amaz\u00f4nica Atuamos na regi\u00e3o costeira da Amaz\u00f4nia desde 2006, em tr\u00eas sub-regi\u00f5es: regi\u00e3o do Salgado, especialmente nos munic\u00edpios de Curu\u00e7\u00e1 e Marapanim; regi\u00e3o Bragantina, incluindo os munic\u00edpios de Bragan\u00e7a, Tracuateaua e Augusto Corr\u00eaa, com suas popula\u00e7\u00f5es extrativistas em Reservas Extrativistas Marinhas. Grande Bel\u00e9m Desde 2004, realizamos trabalhos na [&hellip;]<\/p>","protected":false},"author":2,"featured_media":0,"parent":0,"menu_order":4,"comment_status":"open","ping_status":"open","template":"template-fullwidth.php","meta":{"advanced_seo_description":"Publica\u00e7\u00f5es do Instituto Peabiru","jetpack_seo_html_title":"Publica\u00e7\u00f5es do Instituto Peabiru","jetpack_seo_noindex":false,"footnotes":""},"class_list":["post-403","page","type-page","status-publish","hentry"],"jetpack_sharing_enabled":false,"_links":{"self":[{"href":"https:\/\/peabiru.org.br\/en\/wp-json\/wp\/v2\/pages\/403","targetHints":{"allow":["GET"]}}],"collection":[{"href":"https:\/\/peabiru.org.br\/en\/wp-json\/wp\/v2\/pages"}],"about":[{"href":"https:\/\/peabiru.org.br\/en\/wp-json\/wp\/v2\/types\/page"}],"author":[{"embeddable":true,"href":"https:\/\/peabiru.org.br\/en\/wp-json\/wp\/v2\/users\/2"}],"replies":[{"embeddable":true,"href":"https:\/\/peabiru.org.br\/en\/wp-json\/wp\/v2\/comments?post=403"}],"version-history":[{"count":11,"href":"https:\/\/peabiru.org.br\/en\/wp-json\/wp\/v2\/pages\/403\/revisions"}],"predecessor-version":[{"id":14748,"href":"https:\/\/peabiru.org.br\/en\/wp-json\/wp\/v2\/pages\/403\/revisions\/14748"}],"wp:attachment":[{"href":"https:\/\/peabiru.org.br\/en\/wp-json\/wp\/v2\/media?parent=403"}],"curies":[{"name":"wp","href":"https:\/\/api.w.org\/{rel}","templated":true}]}}

Publicações

<figure class="wp-block-image size-large"><img loading="lazy" decoding="async" width="1024" height="774" src="https://peabiru.org.br/wp-content/uploads/2022/08/22072012©Rafael-Araujo-Curuca-Peabiru-01375-1024x774.jpg" alt="" class="wp-image-12835" srcset="https://peabiru.org.br/wp-content/uploads/2022/08/22072012©Rafael-Araujo-Curuca-Peabiru-01375-1024x774.jpg 1024w, https://peabiru.org.br/wp-content/uploads/2022/08/22072012©Rafael-Araujo-Curuca-Peabiru-01375-300x227.jpg 300w, https://peabiru.org.br/wp-content/uploads/2022/08/22072012©Rafael-Araujo-Curuca-Peabiru-01375-768x580.jpg 768w, https://peabiru.org.br/wp-content/uploads/2022/08/22072012©Rafael-Araujo-Curuca-Peabiru-01375-16x12.jpg 16w, https://peabiru.org.br/wp-content/uploads/2022/08/22072012©Rafael-Araujo-Curuca-Peabiru-01375.jpg 1085w" sizes="auto, (max-width: 1024px) 100vw, 1024px" /><figcaption class="wp-element-caption">Projeto Casa da Virada. Foto: Rafael Araújo, 2012.</figcaption></figure>



<div style="height:100px" aria-hidden="true" class="wp-block-spacer"></div>



<h2 class="wp-block-heading">Especial Peabiru 25 anos</h2>



<div class="wp-block-media-text alignwide is-stacked-on-mobile has-background" style="background-color:#172852;grid-template-columns:45% auto"><figure class="wp-block-media-text__media"><img loading="lazy" decoding="async" width="679" height="1024" src="https://www.peabiru.org.br/wp-content/uploads/2023/06/Caminhos-do-Amanha-Capa-1-679x1024.jpg" alt="" class="wp-image-14169 size-full" srcset="https://peabiru.org.br/wp-content/uploads/2023/06/Caminhos-do-Amanha-Capa-1-679x1024.jpg 679w, https://peabiru.org.br/wp-content/uploads/2023/06/Caminhos-do-Amanha-Capa-1-199x300.jpg 199w, https://peabiru.org.br/wp-content/uploads/2023/06/Caminhos-do-Amanha-Capa-1-8x12.jpg 8w, https://peabiru.org.br/wp-content/uploads/2023/06/Caminhos-do-Amanha-Capa-1.jpg 716w" sizes="auto, (max-width: 679px) 100vw, 679px" /></figure><div class="wp-block-media-text__content">
<p class="has-white-color has-text-color has-small-font-size">Em 2023, o Instituto Peabiru completa 25 anos de atuação, com uma longa lista de projetos sociais e ambientais realizados na Amazônia. O reconhecimento dos desafios e a articulação com os atores nos territórios são tarefas sempre atualizadas e pautadas por metodologias participativas. Por isso, o momento de celebração compreende também um espaço para reflexão sobre os caminhos trilhados e para o planejamento do trabalho da organização nas próximas décadas. Como parte destas análises, o Peabiru contou com o olhar e a experiência do jornalista Dal Marcondes responsável por uma série de entrevistas capazes de colocar em perspectiva importantes momentos da história da organização e guiar a construção dos próximos passos. A publicação resultante destes diálogos – e da própria análise criteriosa do jornalista – é apresentada ao público como parte das ações que marcam os 25 anos do Peabiru.</p>



<div class="wp-block-buttons is-layout-flex wp-block-buttons-is-layout-flex">
<div class="wp-block-button has-custom-width wp-block-button__width-100 has-custom-font-size is-style-outline is-style-outline--1" style="font-size:17px"><a class="wp-block-button__link has-white-color has-text-color wp-element-button" href="https://www.peabiru.org.br/wp-content/uploads/2023/06/Caminhos_do_Amanha_Peabiru_2023_web.pdf" style="border-radius:0px">Acessar</a></div>
</div>
</div></div>



<div style="height:79px" aria-hidden="true" class="wp-block-spacer"></div>



<h2 class="wp-block-heading">Por Territórios</h2>



<h4 class="wp-block-heading">Costa Amazônica</h4>



<p>Atuamos na região costeira da Amazônia desde 2006, em três sub-regiões: região do Salgado, especialmente nos municípios de Curuçá e Marapanim; região Bragantina, incluindo os municípios de Bragança, Tracuateaua e Augusto Corrêa, com suas populações extrativistas em Reservas Extrativistas Marinhas.</p>



<h4 class="wp-block-heading">Grande Belém</h4>



<p>Desde 2004, realizamos trabalhos na Grande Belém, compreendendo a capital e os municípios vizinhos, em agendas urbanas e rurais. Destaque para ações de acesso a direitos básicos e assistência técnica a populações ribeirinhas e das ilhas.</p>



<h4 class="wp-block-heading">Marajó</h4>



<p>Atuação desde 2009, a convite de representantes de grupos sociais de comunidades tradicionais da região. Baixos Indicadores de Desenvolvimento Humano (IDH). Atenção especial para Curralinho, Soure, Salvaterra, Cachoeira do Arari e Ponta de Pedras, (quilombolas e ribeirinhos). Realização de projetos variados, valorizando a cultura e economia local.</p>



<p></p>



<div class="wp-block-buttons is-content-justification-center is-layout-flex wp-container-core-buttons-is-layout-16018d1d wp-block-buttons-is-layout-flex">
<div class="wp-block-button is-style-outline is-style-outline--2"><a class="wp-block-button__link wp-element-button" href="https://peabiru.org.br/en/publicacoes/belem-ribeirinha/" style="border-radius:0px">Acesse as Publicações do Instituto Peabiru por território</a></div>
</div>



<hr class="wp-block-separator has-css-opacity"/>



<h2 class="wp-block-heading">Livretos</h2>



<p>Guias, Planejamentos, Manuais e outras produções resultantes de trabalhos do Instituto Peabiru e parceiros, como Vivá Marajó, Casa da Virada e outros.</p>



<div class="wp-block-buttons is-content-justification-center is-layout-flex wp-container-core-buttons-is-layout-16018d1d wp-block-buttons-is-layout-flex">
<div class="wp-block-button is-style-outline is-style-outline--3"><a class="wp-block-button__link wp-element-button" href="https://peabiru.org.br/en/livretos/" style="border-radius:0px">Acesse os livretos publicados pelo Instituto Peabiru</a></div>
</div>



<hr class="wp-block-separator has-css-opacity"/>



<h2 class="wp-block-heading">Especial Terceiro Setor</h2>



<p>Artigos, cadernos e manuais, ensaios e livros publicados pelo Peabiru sobre o setor não governamental.</p>



<div class="wp-block-buttons is-content-justification-center is-layout-flex wp-container-core-buttons-is-layout-16018d1d wp-block-buttons-is-layout-flex">
<div class="wp-block-button is-style-outline is-style-outline--4"><a class="wp-block-button__link wp-element-button" href="https://peabiru.org.br/en/publicacoes/terceiro-setor/" style="border-radius:0px">Acesse as publicações do Especial Terceiro Setor</a></div>
</div>



<hr class="wp-block-separator has-css-opacity"/>



<h2 class="wp-block-heading">Relatórios Anuais</h2>



<p>Acesse todos os Relatórios Anuais de Atividades publicados pelo Instituto Peabiru.</p>



<div class="wp-block-buttons is-content-justification-center is-layout-flex wp-container-core-buttons-is-layout-16018d1d wp-block-buttons-is-layout-flex">
<div class="wp-block-button is-style-outline is-style-outline--5"><a class="wp-block-button__link wp-element-button" href="https://peabiru.org.br/en/publicacoes/relatorios-anuais/" style="border-radius:0px">Acesse os Relatórios Anuais</a></div>
</div>



<h2 class="wp-block-heading">Outros</h2>



<p>Acesse outros formatos de publicação do Instituto Peabiru, como dossiês e cartilhas temáticas.</p>


<div class="wp-block-image is-style-default">
<figure class="aligncenter size-full is-resized"><img loading="lazy" decoding="async" width="526" height="744" src="https://peabiru.org.br/wp-content/uploads/2023/05/Capa_dossie_Abelhas.jpg" alt="" class="wp-image-14063" style="width:263px;height:372px" srcset="https://peabiru.org.br/wp-content/uploads/2023/05/Capa_dossie_Abelhas.jpg 526w, https://peabiru.org.br/wp-content/uploads/2023/05/Capa_dossie_Abelhas-212x300.jpg 212w, https://peabiru.org.br/wp-content/uploads/2023/05/Capa_dossie_Abelhas-8x12.jpg 8w" sizes="auto, (max-width: 526px) 100vw, 526px" /></figure>
</div>


<div class="wp-block-buttons is-content-justification-center is-layout-flex wp-container-core-buttons-is-layout-16018d1d wp-block-buttons-is-layout-flex">
<div class="wp-block-button is-style-outline is-style-outline--6"><a class="wp-block-button__link has-text-align-center wp-element-button" href="https://peabiru.org.br/wp-content/uploads/2020/04/instituto-peabiru-2020-dossic3aa-cadeia-abelhas-amazc3b4nia-1.pdf" style="border-radius:0px">Dossiê Abelhas sem Ferrão da Amazônia</a></div>
</div>

<p>Especial Peabiru 25 anos Por Territórios Costa Amazônica Atuamos na região costeira da Amazônia desde 2006, em três sub-regiões: região do Salgado, especialmente nos municípios de Curuçá e Marapanim; região Bragantina, incluindo os municípios de Bragança, Tracuateaua e Augusto Corrêa, com suas populações extrativistas em Reservas Extrativistas Marinhas. Grande Belém Desde 2004, realizamos trabalhos na [&hellip;]</p>

Publicações do Instituto Peabiru
